{"id":123,"date":"2023-03-18T08:47:00","date_gmt":"2023-03-18T08:47:00","guid":{"rendered":"http:\/\/www.norluk.pl\/?page_id=123"},"modified":"2023-08-19T11:11:11","modified_gmt":"2023-08-19T11:11:11","slug":"ceremonie-saunowe","status":"publish","type":"page","link":"https:\/\/www.norluk.pl\/?page_id=123","title":{"rendered":"Ceremonie Saunowe"},"content":{"rendered":"\n<p class=\"has-text-align-left\">Relaks w saunarium to idealny pomys\u0142 aby odzyska\u0107 spok\u00f3j i dobre samopoczucie. Specjalnie dobrana muzyka oraz zapach naturalnych olejk\u00f3w eterytcznych przeniesie Ci\u0119 w stan prawdziwego odpre\u017cenia. <\/p>\n\n\n\n<p>Z czystym sumieniem mog\u0119 Was zaprosi\u0107 do Basenu Krytego w Andrychowie, gdzie prowadz\u0119 seanse saunowe.<\/p>\n\n\n\n<p>Zapraszamy w ka\u017cdy poniedzia\u0142ek, \u015brod\u0119 oraz pi\u0105tek!<\/p>\n\n\n\n<p class=\"has-text-align-center\"><strong> Gor\u0105co zapraszam ! <\/strong><\/p>\n\n\n\n<p>Link do Basenu Krytego w Andrychowie poni\u017cej<br><a rel=\"noreferrer noopener\" href=\"https:\/\/www.facebook.com\/moskitandrychow.eu\" target=\"_blank\">https:\/\/www.facebook.com\/moskitandrychow.eu<\/a><\/p>\n\n\n\n<figure class=\"is-layout-flex wp-block-gallery-1 wp-block-gallery has-nested-images columns-default is-cropped\">\n<figure class=\"wp-block-image size-large\"><img decoding=\"async\" loading=\"lazy\" width=\"1024\" height=\"683\" data-id=\"166\"  src=\"http:\/\/www.norluk.pl\/wp-content\/uploads\/2023\/03\/n-1024x683.jpg\" alt=\"\" class=\"wp-image-166\" srcset=\"https:\/\/www.norluk.pl\/wp-content\/uploads\/2023\/03\/n-1024x683.jpg 1024w, https:\/\/www.norluk.pl\/wp-content\/uploads\/2023\/03\/n-300x200.jpg 300w, https:\/\/www.norluk.pl\/wp-content\/uploads\/2023\/03\/n-768x512.jpg 768w, https:\/\/www.norluk.pl\/wp-content\/uploads\/2023\/03\/n-1536x1024.jpg 1536w, https:\/\/www.norluk.pl\/wp-content\/uploads\/2023\/03\/n.jpg 2048w\" sizes=\"(max-width: 1024px) 100vw, 1024px\" \/><\/figure>\n<\/figure>\n\n\n\n<p><a href=\"https:\/\/www.facebook.com\/moskitandrychow.eu\">https:\/\/www.facebook.com\/moskitandrychow.eu<\/a><\/p>\n\n\n\n<figure class=\"wp-block-image size-full\"><img decoding=\"async\" loading=\"lazy\" width=\"660\" height=\"468\" src=\"http:\/\/www.norluk.pl\/wp-content\/uploads\/2023\/04\/godz-otwarcia-basen-.png\" alt=\"\" class=\"wp-image-189\" srcset=\"https:\/\/www.norluk.pl\/wp-content\/uploads\/2023\/04\/godz-otwarcia-basen-.png 660w, https:\/\/www.norluk.pl\/wp-content\/uploads\/2023\/04\/godz-otwarcia-basen--300x213.png 300w, https:\/\/www.norluk.pl\/wp-content\/uploads\/2023\/04\/godz-otwarcia-basen--1x1.png 1w\" sizes=\"(max-width: 660px) 100vw, 660px\" \/><\/figure>\n","protected":false},"excerpt":{"rendered":"<p>Relaks w saunarium to idealny pomys\u0142 aby odzyska\u0107 spok\u00f3j i dobre samopoczucie. Specjalnie dobrana muzyka oraz zapach naturalnych olejk\u00f3w eterytcznych przeniesie Ci\u0119 w stan prawdziwego odpre\u017cenia. Z czystym sumieniem mog\u0119 Was zaprosi\u0107 do Basenu Krytego w Andrychowie, gdzie prowadz\u0119 seanse saunowe. Zapraszamy w ka\u017cdy poniedzia\u0142ek, \u015brod\u0119 oraz pi\u0105tek! Gor\u0105co zapraszam ! Link do Basenu Krytego [&hellip;]<\/p>\n","protected":false},"author":1,"featured_media":0,"parent":0,"menu_order":0,"comment_status":"closed","ping_status":"closed","template":"","meta":[],"_links":{"self":[{"href":"https:\/\/www.norluk.pl\/index.php?rest_route=\/wp\/v2\/pages\/123"}],"collection":[{"href":"https:\/\/www.norluk.pl\/index.php?rest_route=\/wp\/v2\/pages"}],"about":[{"href":"https:\/\/www.norluk.pl\/index.php?rest_route=\/wp\/v2\/types\/page"}],"author":[{"embeddable":true,"href":"https:\/\/www.norluk.pl\/index.php?rest_route=\/wp\/v2\/users\/1"}],"replies":[{"embeddable":true,"href":"https:\/\/www.norluk.pl\/index.php?rest_route=%2Fwp%2Fv2%2Fcomments&post=123"}],"version-history":[{"count":7,"href":"https:\/\/www.norluk.pl\/index.php?rest_route=\/wp\/v2\/pages\/123\/revisions"}],"predecessor-version":[{"id":267,"href":"https:\/\/www.norluk.pl\/index.php?rest_route=\/wp\/v2\/pages\/123\/revisions\/267"}],"wp:attachment":[{"href":"https:\/\/www.norluk.pl\/index.php?rest_route=%2Fwp%2Fv2%2Fmedia&parent=123"}],"curies":[{"name":"wp","href":"https:\/\/api.w.org\/{rel}","templated":true}]}}